{"id":76,"date":"2018-09-06T11:22:47","date_gmt":"2018-09-06T11:22:47","guid":{"rendered":"http:\/\/schule-gerolfing.de.128-127-64-71.srv32.schwarzkuenstler.info\/?page_id=76"},"modified":"2026-03-19T07:13:18","modified_gmt":"2026-03-19T07:13:18","slug":"startseite","status":"publish","type":"page","link":"https:\/\/www.schule-gerolfing.de\/","title":{"rendered":"Willkommen"},"content":{"rendered":"\r\n<p><img loading=\"lazy\" decoding=\"async\" class=\"wp-image-1458 aligncenter\" src=\"https:\/\/www.schule-gerolfing.de\/wp-content\/uploads\/2020\/05\/GS-Gerolfing-300x129.png\" alt=\"\" width=\"516\" height=\"222\" srcset=\"https:\/\/www.schule-gerolfing.de\/wp-content\/uploads\/2020\/05\/GS-Gerolfing-300x129.png 300w, https:\/\/www.schule-gerolfing.de\/wp-content\/uploads\/2020\/05\/GS-Gerolfing-1024x439.png 1024w, https:\/\/www.schule-gerolfing.de\/wp-content\/uploads\/2020\/05\/GS-Gerolfing-768x329.png 768w, https:\/\/www.schule-gerolfing.de\/wp-content\/uploads\/2020\/05\/GS-Gerolfing-1536x659.png 1536w, https:\/\/www.schule-gerolfing.de\/wp-content\/uploads\/2020\/05\/GS-Gerolfing-2048x878.png 2048w\" sizes=\"auto, (max-width: 516px) 100vw, 516px\" \/><\/p>\r\n\r\n\r\n\r\n<p><span style=\"color: #339966;\"><\/span><\/p>\r\n<p>&nbsp;<\/p>\r\n<p style=\"text-align: left;\"><strong><span style=\"font-family: arial, helvetica, sans-serif; font-size: 14pt; color: #0000ff;\">Tipps zur Lesef\u00f6rderung finden Sie unter Schule &#8211; Unterrichtsangebot&nbsp;<\/span><\/strong><\/p>\r\n<p>&nbsp;<\/p>\r\n<p><span style=\"font-size: 18pt;\"><strong><span style=\"font-family: arial, helvetica, sans-serif;\">Hier k\u00f6nnen Sie Ihr Kind anmelden:<\/span><\/strong><\/span><\/p>\r\n<p style=\"text-align: left;\"><span style=\"font-family: arial, helvetica, sans-serif;\"><span style=\"font-size: 18pt; color: #000080;\"><strong><span style=\"font-size: 14pt; color: #3366ff;\"><a href=\"https:\/\/www.schulantrag.de\/anmeldung\/swonline\/ssl\/antrag-start-01.asp?sch=2115\" target=\"_blank\" rel=\"noopener\">Zur Schulanmeldung online<\/a>&nbsp;<\/span><\/strong><span style=\"font-size: 14pt; color: #3366ff;\"><span style=\"color: #000000;\">(externer Link)<\/span><\/span><\/span><\/span><\/p>\r\n<p><span style=\"font-size: 14pt;\"><strong><span style=\"font-family: arial, helvetica, sans-serif;\">Erkl\u00e4rung f\u00fcr Korridorkinder: <a href=\"https:\/\/www.schule-gerolfing.de\/wp-content\/uploads\/2025\/12\/Korridorkinder_Erklaerung.pdf\">Korridorkinder_Erkl\u00e4rung<\/a><\/span><\/strong><\/span><\/p>\r\n<p><strong><span style=\"font-family: arial, helvetica, sans-serif; font-size: 14pt;\">Hier finden Sie die <a href=\"https:\/\/www.schule-gerolfing.de\/wp-content\/uploads\/2026\/01\/Zusammenfassung-des-Elternabends-zur-Schuleinschreibung-2026.pdf\">Zusammenfassung des Elternabends zur Schuleinschreibung 2026<\/a><\/span><\/strong><\/p>\r\n<p>&nbsp;<\/p>\r\n<ul>\r\n<li><strong><span style=\"font-family: arial, helvetica, sans-serif; font-size: 14pt;\">Tag der offenen T\u00fcr an der KU: <span style=\"font-size: 12pt;\"><a href=\"https:\/\/www.schule-gerolfing.de\/wp-content\/uploads\/2026\/03\/Kinderprogramm-Tag-der-offenen-Tuer-KU.pdf\">Kinderprogramm Tag der offenen T\u00fcr KU<\/a><\/span><\/span><\/strong><\/li>\r\n<li><strong><span style=\"font-family: arial, helvetica, sans-serif; font-size: 14pt;\">Vortr\u00e4ge und Angebote: <span style=\"font-size: 12pt;\"><a href=\"https:\/\/www.schule-gerolfing.de\/wp-content\/uploads\/2026\/02\/Fruehjahrsprogramm2026.pdf\">Fr\u00fchjahrsprogramm2026<\/a><\/span><\/span><\/strong><\/li>\r\n<li><strong><span style=\"font-family: arial, helvetica, sans-serif; font-size: 14pt;\">B\u00fcrgerhaus-Programmheft:<span style=\"font-size: 12pt;\"> <a href=\"https:\/\/www.schule-gerolfing.de\/wp-content\/uploads\/2026\/01\/Buergerhaus_EKI_Flyer2026_Januar-Juni.pdf\">B\u00fcrgerhaus_EKI_Flyer2026_Januar-Juni<\/a><\/span><\/span><\/strong><\/li>\r\n<li><strong><span style=\"font-family: arial, helvetica, sans-serif; font-size: 14pt;\">Online-Vortragsreihe &#8222;Kids fit f\u00fcr Smartphone und Internet&#8220;:<span style=\"font-size: 12pt;\"> <a href=\"https:\/\/www.schule-gerolfing.de\/wp-content\/uploads\/2026\/01\/Einladung-Vortragsreihe.pdf\">Einladung-Vortragsreihe<\/a><\/span><\/span><\/strong><\/li>\r\n<li><strong><span style=\"font-family: arial, helvetica, sans-serif; font-size: 14pt;\">Programm der Umweltstation:<\/span> <span style=\"font-family: arial, helvetica, sans-serif;\"><a href=\"https:\/\/www.schule-gerolfing.de\/wp-content\/uploads\/2026\/01\/Programm-Umweltstation-2026_1.pdf\">Programm Umweltstation 2026_1<\/a><\/span><\/strong><\/li>\r\n<li><strong><span style=\"font-family: arial, helvetica, sans-serif; font-size: 14pt;\">Hygieneempfehlungen aktuell:<span style=\"font-size: 12pt;\"> <a href=\"https:\/\/www.schule-gerolfing.de\/wp-content\/uploads\/2022\/07\/Ueberblick-ueber-Hygieneempfehlungen-an-Schulen.pdf\">\u00dcberblick \u00fcber Hygieneempfehlungen an Schulen<\/a>&nbsp;<\/span><\/span><\/strong><strong><span style=\"font-family: arial, helvetica, sans-serif;\">&nbsp; &nbsp; &nbsp; &nbsp; &nbsp; &nbsp; &nbsp; &nbsp; &nbsp; &nbsp; &nbsp; &nbsp; &nbsp; &nbsp; &nbsp; &nbsp; &nbsp; &nbsp; &nbsp; &nbsp; &nbsp; &nbsp; &nbsp; &nbsp; &nbsp; &nbsp; &nbsp; &nbsp;<\/span><\/strong><br><span style=\"font-family: arial, helvetica, sans-serif;\"><strong><br><br><\/strong><\/span><\/li>\r\n<\/ul>\r\n<p><span style=\"font-family: arial, helvetica, sans-serif;\"><\/span><\/p>\r\n<p><span style=\"font-family: arial, helvetica, sans-serif;\">\r\n\r\n\r\n\r\n\r\n\r\n\r\n\r\n\r\n\r\n\r\n\r\n<\/span><\/p>\r\n<p class=\"has-text-align-left\" style=\"text-align: center;\"><span style=\"font-family: arial, helvetica, sans-serif;\"><a href=\"https:\/\/www.schulamt-ingolstadt.de\/\" target=\"_blank\" rel=\"noopener noreferrer\"><strong><span style=\"color: #ff0000;\">Link: Schulamt Ingolstadt<\/span><\/strong><\/a><\/span><\/p>\r\n<p><span style=\"font-family: arial, helvetica, sans-serif;\">\r\n\r\n<\/span><\/p>\r\n<p style=\"text-align: center;\"><span style=\"color: #ff0000; font-family: arial, helvetica, sans-serif;\"><strong>Link: <a href=\"https:\/\/www.km.bayern.de\/\" target=\"_blank\" rel=\"noopener noreferrer\"><span style=\"color: #ff0000;\">Kultusministerium Bayern<\/span><\/a><\/strong><\/span><\/p>\r\n\r\n\r\n\r\n<div class=\"n module-type-text diyfeLiveArea \">\r\n<figure><img loading=\"lazy\" decoding=\"async\" class=\"aligncenter wp-image-390 \" src=\"https:\/\/www.schule-gerolfing.de\/wp-content\/uploads\/2018\/11\/Bayernnfest-25.jpg\" alt=\"\" width=\"286\" height=\"430\" srcset=\"https:\/\/www.schule-gerolfing.de\/wp-content\/uploads\/2018\/11\/Bayernnfest-25.jpg 512w, https:\/\/www.schule-gerolfing.de\/wp-content\/uploads\/2018\/11\/Bayernnfest-25-200x300.jpg 200w\" sizes=\"auto, (max-width: 286px) 100vw, 286px\" \/><\/figure>\r\n<\/div>\r\n\r\n\r\n\r\n<div class=\"n module-type-text diyfeLiveArea \">\r\n<p style=\"text-align: center;\"><span style=\"color: #008000;\"><strong><span style=\"font-family: arial, helvetica, sans-serif;\">Die <span style=\"color: #ff0000;\">Schule Gerolfing<\/span> ist eine Schule mit Tradition, in der schon die Eltern unserer Sch\u00fcler unterrichtet wurden. <br>Das Kollegium ber\u00fccksichtigt im&nbsp;Unterricht vielseitige Methoden und Formen des Lernens. <br>Unser Ziel ist die Gestaltung der Schule als Ort des Lernens und Lebens, <br><\/span><\/strong><\/span><span style=\"color: #008000;\"><strong><span style=\"font-family: arial, helvetica, sans-serif;\">an dem sich Kinder und Erwachsene wohlf\u00fchlen <br>und sich gegenseitig wertsch\u00e4tzen.<\/span><\/strong><\/span><br><span style=\"font-family: arial, helvetica, sans-serif;\">&nbsp;<\/span><\/p>\r\n<p style=\"text-align: left;\"><span style=\"font-family: arial, helvetica, sans-serif;\"><strong>Unsere <span style=\"color: #ff0000;\">St\u00e4rken<\/span> sehen wir darin, dass wir<br><\/strong><\/span><\/p>\r\n<ul>\r\n<li style=\"text-align: left;\"><span style=\"font-family: arial, helvetica, sans-serif;\"><strong><span style=\"color: #008000;\">selbstst\u00e4ndiges Lernen<\/span><\/strong> f\u00f6rdern<\/span><\/li>\r\n<li style=\"text-align: left;\"><span style=\"font-family: arial, helvetica, sans-serif;\">mit den <span style=\"color: #008000;\"><strong>Eltern<\/strong><\/span> eine <strong><span style=\"color: #008000;\">konstruktive Zusammenarbeit<\/span><\/strong> pflegen<\/span><\/li>\r\n<li style=\"text-align: left;\"><span style=\"font-family: arial, helvetica, sans-serif;\">das schulische Lernen durch <strong><span style=\"color: #008000;\">Projekte<\/span><\/strong> und <span style=\"color: #008000;\"><strong>au\u00dferschulische Aktivit\u00e4ten<\/strong><\/span> bereichern<\/span><\/li>\r\n<li style=\"text-align: left;\"><span style=\"font-family: arial, helvetica, sans-serif;\"><strong><span style=\"color: #008000;\">vielf\u00e4ltige Feste<\/span><\/strong> an der Schule und in Ingolstadt (mit-) gestalten<\/span><\/li>\r\n<li style=\"text-align: left;\"><span style=\"font-family: arial, helvetica, sans-serif;\">die <span style=\"color: #008000;\"><strong>Zusammenarbeit<\/strong><\/span> mit den <span style=\"color: #008000;\"><strong>umliegenden Kinderg\u00e4rten <\/strong><span style=\"color: #000000;\">und<\/span><strong> Schulen in Ingolstadt<\/strong><\/span> pflegen<\/span><\/li>\r\n<li style=\"text-align: left;\"><span style=\"font-family: arial, helvetica, sans-serif;\">eine <strong><span style=\"color: #008000;\">Mittagsbetreuung<\/span><\/strong> anbieten<\/span><\/li>\r\n<\/ul>\r\n<\/div>\r\n\r\n\r\n","protected":false},"excerpt":{"rendered":"<p>&nbsp; Tipps zur Lesef\u00f6rderung finden Sie unter Schule &#8211; Unterrichtsangebot&nbsp; &nbsp; Hier k\u00f6nnen Sie Ihr Kind anmelden: Zur Schulanmeldung online&nbsp;(externer Link) Erkl\u00e4rung f\u00fcr Korridorkinder: Korridorkinder_Erkl\u00e4rung Hier finden Sie die Zusammenfassung des Elternabends zur Schuleinschreibung 2026 &nbsp; Tag der offenen T\u00fcr an der KU: Kinderprogramm Tag der offenen T\u00fcr KU Vortr\u00e4ge und Angebote: Fr\u00fchjahrsprogramm2026 B\u00fcrgerhaus-Programmheft: B\u00fcrgerhaus_EKI_Flyer2026_Januar-Juni &#8230; <a title=\"Willkommen\" class=\"read-more\" href=\"https:\/\/www.schule-gerolfing.de\/\" aria-label=\"Mehr Informationen \u00fcber Willkommen\">Weiterlesen<\/a><\/p>\n","protected":false},"author":2,"featured_media":0,"parent":0,"menu_order":0,"comment_status":"closed","ping_status":"closed","template":"","meta":{"ngg_post_thumbnail":0,"footnotes":""},"class_list":["post-76","page","type-page","status-publish"],"_links":{"self":[{"href":"https:\/\/www.schule-gerolfing.de\/index.php?rest_route=\/wp\/v2\/pages\/76","targetHints":{"allow":["GET"]}}],"collection":[{"href":"https:\/\/www.schule-gerolfing.de\/index.php?rest_route=\/wp\/v2\/pages"}],"about":[{"href":"https:\/\/www.schule-gerolfing.de\/index.php?rest_route=\/wp\/v2\/types\/page"}],"author":[{"embeddable":true,"href":"https:\/\/www.schule-gerolfing.de\/index.php?rest_route=\/wp\/v2\/users\/2"}],"replies":[{"embeddable":true,"href":"https:\/\/www.schule-gerolfing.de\/index.php?rest_route=%2Fwp%2Fv2%2Fcomments&post=76"}],"version-history":[{"count":396,"href":"https:\/\/www.schule-gerolfing.de\/index.php?rest_route=\/wp\/v2\/pages\/76\/revisions"}],"predecessor-version":[{"id":2813,"href":"https:\/\/www.schule-gerolfing.de\/index.php?rest_route=\/wp\/v2\/pages\/76\/revisions\/2813"}],"wp:attachment":[{"href":"https:\/\/www.schule-gerolfing.de\/index.php?rest_route=%2Fwp%2Fv2%2Fmedia&parent=76"}],"curies":[{"name":"wp","href":"https:\/\/api.w.org\/{rel}","templated":true}]}}